{"id":54,"date":"2022-09-22T18:34:20","date_gmt":"2022-09-22T16:34:20","guid":{"rendered":"http:\/\/tom-artgroup.pl\/?page_id=54"},"modified":"2024-08-15T16:25:07","modified_gmt":"2024-08-15T14:25:07","slug":"norbi","status":"publish","type":"page","link":"https:\/\/tom-artgroup.pl\/?page_id=54","title":{"rendered":"NORBI"},"content":{"rendered":"\n<p>Norbi zadebiutowa\u0142 na rynku fonograficznym w 1997 roku. Wyda\u0142 wtedy sw\u00f3j pierwszy album studyjny &#8220;Samertajm&#8221;, kt\u00f3ry promowa\u0142 utworem &#8220;Kobiety s\u0105 gor\u0105ce&#8221;. Piosenka Norbiego szybko sta\u0142a si\u0119 og\u00f3lnopolskim przebojem. Przeboje takie jak: &#8220;Rozko\u0142ysz si\u0119&#8221;, &#8220;Materacci&#8221;, &#8220;Nie zaczepiaj mnie&#8221;, &#8220;Ballada studencka&#8221;, &#8220;Polska do boju&#8221;, od lat bawi\u0105 uczestnik\u00f3w imprez tanecznych.<br><\/p>\n\n\n\n<p>Norbi poza dzia\u0142alno\u015bci\u0105 koncertow\u0105, zajmuje si\u0119 prowadzeniem wielu program\u00f3w telewizyjnych: &#8220;Fabryka gry&#8221;, &#8220;Salon gier&#8221;, &#8220;No to gramy&#8221;, &#8220;Jaka to Melodia?&#8221;, &#8220;Ko\u0142o Fortuny&#8221;, oraz imprez live: Sylwester Marze\u0144 TVP. <\/p>\n\n\n\n<p>Jako firma zapraszamy r\u00f3wnie\u017c do wsp\u00f3\u0142pracy przy tworzeniu Twojego eventu, imprezy firmowej czy plenerowej z udzia\u0142em NORBIEGO.<\/p>\n\n\n\n<div class=\"wp-block-group\"><div class=\"wp-block-group__inner-container is-layout-constrained wp-block-group-is-layout-constrained\">\n<div class=\"wp-block-columns is-layout-flex wp-container-core-columns-is-layout-9d6595d7 wp-block-columns-is-layout-flex\">\n<div class=\"wp-block-column is-layout-flow wp-block-column-is-layout-flow\">\n<figure class=\"wp-block-image size-large\"><img loading=\"lazy\" decoding=\"async\" width=\"1024\" height=\"682\" src=\"https:\/\/tom-artgroup.pl\/wp-content\/uploads\/2024\/08\/IMG_0256.jpg\" alt=\"\" class=\"wp-image-392\" srcset=\"https:\/\/tom-artgroup.pl\/wp-content\/uploads\/2024\/08\/IMG_0256.jpg 1024w, https:\/\/tom-artgroup.pl\/wp-content\/uploads\/2024\/08\/IMG_0256-600x400.jpg 600w, https:\/\/tom-artgroup.pl\/wp-content\/uploads\/2024\/08\/IMG_0256-300x200.jpg 300w, https:\/\/tom-artgroup.pl\/wp-content\/uploads\/2024\/08\/IMG_0256-768x512.jpg 768w, https:\/\/tom-artgroup.pl\/wp-content\/uploads\/2024\/08\/IMG_0256-930x620.jpg 930w\" sizes=\"auto, (max-width: 1024px) 100vw, 1024px\" \/><\/figure>\n<\/div>\n\n\n\n<div class=\"wp-block-column is-layout-flow wp-block-column-is-layout-flow\">\n<div class=\"wp-block-columns is-layout-flex wp-container-core-columns-is-layout-9d6595d7 wp-block-columns-is-layout-flex\">\n<div class=\"wp-block-column is-layout-flow wp-block-column-is-layout-flow\"><\/div>\n\n\n\n<div class=\"wp-block-column is-layout-flow wp-block-column-is-layout-flow\"><\/div>\n<\/div>\n\n\n\n<figure class=\"wp-block-image size-full\"><img loading=\"lazy\" decoding=\"async\" width=\"1024\" height=\"682\" src=\"https:\/\/tom-artgroup.pl\/wp-content\/uploads\/2024\/08\/IMG_0253-2.jpg\" alt=\"\" class=\"wp-image-398\" srcset=\"https:\/\/tom-artgroup.pl\/wp-content\/uploads\/2024\/08\/IMG_0253-2.jpg 1024w, https:\/\/tom-artgroup.pl\/wp-content\/uploads\/2024\/08\/IMG_0253-2-600x400.jpg 600w, https:\/\/tom-artgroup.pl\/wp-content\/uploads\/2024\/08\/IMG_0253-2-300x200.jpg 300w, https:\/\/tom-artgroup.pl\/wp-content\/uploads\/2024\/08\/IMG_0253-2-768x512.jpg 768w, https:\/\/tom-artgroup.pl\/wp-content\/uploads\/2024\/08\/IMG_0253-2-930x620.jpg 930w\" sizes=\"auto, (max-width: 1024px) 100vw, 1024px\" \/><\/figure>\n<\/div>\n<\/div>\n<\/div><\/div>\n\n\n\n<figure class=\"wp-block-gallery has-nested-images columns-default is-cropped wp-block-gallery-1 is-layout-flex wp-block-gallery-is-layout-flex\"><\/figure>\n\n\n\n<figure class=\"wp-block-gallery has-nested-images columns-default is-cropped wp-block-gallery-2 is-layout-flex wp-block-gallery-is-layout-flex\">\n<figure class=\"wp-block-image size-full\"><img loading=\"lazy\" decoding=\"async\" width=\"682\" height=\"1024\" data-id=\"399\" src=\"https:\/\/tom-artgroup.pl\/wp-content\/uploads\/2024\/08\/IMG_0252-1.jpg\" alt=\"\" class=\"wp-image-399\" srcset=\"https:\/\/tom-artgroup.pl\/wp-content\/uploads\/2024\/08\/IMG_0252-1.jpg 682w, https:\/\/tom-artgroup.pl\/wp-content\/uploads\/2024\/08\/IMG_0252-1-600x901.jpg 600w, https:\/\/tom-artgroup.pl\/wp-content\/uploads\/2024\/08\/IMG_0252-1-200x300.jpg 200w\" sizes=\"auto, (max-width: 682px) 100vw, 682px\" \/><\/figure>\n\n\n\n<figure class=\"wp-block-image size-full\"><img loading=\"lazy\" decoding=\"async\" width=\"1536\" height=\"2048\" data-id=\"397\" src=\"https:\/\/tom-artgroup.pl\/wp-content\/uploads\/2024\/08\/PHOTO-2024-08-01-19-56-50-1-1.jpg\" alt=\"\" class=\"wp-image-397\" srcset=\"https:\/\/tom-artgroup.pl\/wp-content\/uploads\/2024\/08\/PHOTO-2024-08-01-19-56-50-1-1.jpg 1536w, https:\/\/tom-artgroup.pl\/wp-content\/uploads\/2024\/08\/PHOTO-2024-08-01-19-56-50-1-1-600x800.jpg 600w, https:\/\/tom-artgroup.pl\/wp-content\/uploads\/2024\/08\/PHOTO-2024-08-01-19-56-50-1-1-225x300.jpg 225w, https:\/\/tom-artgroup.pl\/wp-content\/uploads\/2024\/08\/PHOTO-2024-08-01-19-56-50-1-1-768x1024.jpg 768w, https:\/\/tom-artgroup.pl\/wp-content\/uploads\/2024\/08\/PHOTO-2024-08-01-19-56-50-1-1-1152x1536.jpg 1152w\" sizes=\"auto, (max-width: 1536px) 100vw, 1536px\" \/><\/figure>\n\n\n\n<figure class=\"wp-block-image size-large\"><img loading=\"lazy\" decoding=\"async\" width=\"960\" height=\"710\" data-id=\"92\" src=\"http:\/\/tom-artgroup.pl\/wp-content\/uploads\/2022\/09\/norbo-3.jpg\" alt=\"\" class=\"wp-image-92\" srcset=\"https:\/\/tom-artgroup.pl\/wp-content\/uploads\/2022\/09\/norbo-3.jpg 960w, https:\/\/tom-artgroup.pl\/wp-content\/uploads\/2022\/09\/norbo-3-600x444.jpg 600w, https:\/\/tom-artgroup.pl\/wp-content\/uploads\/2022\/09\/norbo-3-300x222.jpg 300w, https:\/\/tom-artgroup.pl\/wp-content\/uploads\/2022\/09\/norbo-3-768x568.jpg 768w\" sizes=\"auto, (max-width: 960px) 100vw, 960px\" \/><\/figure>\n<\/figure>\n\n\n\n<div class=\"wp-block-file\"><a id=\"wp-block-file--media-ae6e8f00-51b2-46a4-9bda-c7f6ff23928f\" href=\"http:\/\/tom-artgroup.pl\/wp-content\/uploads\/2022\/09\/NORBI_Rider.pdf\" target=\"_blank\" rel=\"noreferrer noopener\"><br>NORBI_Rider<\/a><a href=\"http:\/\/tom-artgroup.pl\/wp-content\/uploads\/2022\/09\/NORBI_Rider.pdf\" class=\"wp-block-file__button wp-element-button\" download aria-describedby=\"wp-block-file--media-ae6e8f00-51b2-46a4-9bda-c7f6ff23928f\">Pobierz<\/a><\/div>\n\n\n\n<div class=\"wp-block-file\"><a id=\"wp-block-file--media-54cfa28c-1447-4cef-bf3b-c37185641c80\" href=\"http:\/\/tom-artgroup.pl\/wp-content\/uploads\/2022\/09\/NORBI_ZAiKS.doc\" target=\"_blank\" rel=\"noreferrer noopener\">NORBI_ZAiKS<\/a><a href=\"http:\/\/tom-artgroup.pl\/wp-content\/uploads\/2022\/09\/NORBI_ZAiKS.doc\" class=\"wp-block-file__button wp-element-button\" download aria-describedby=\"wp-block-file--media-54cfa28c-1447-4cef-bf3b-c37185641c80\">Pobierz<\/a><\/div>\n","protected":false},"excerpt":{"rendered":"<p>Norbi zadebiutowa\u0142 na rynku fonograficznym w 1997 roku. Wyda\u0142 wtedy sw\u00f3j pierwszy album studyjny &#8220;Samertajm&#8221;, kt\u00f3ry promowa\u0142 utworem &#8220;Kobiety s\u0105 gor\u0105ce&#8221;. Piosenka Norbiego szybko sta\u0142a si\u0119 og\u00f3lnopolskim przebojem. Przeboje takie jak: &#8220;Rozko\u0142ysz si\u0119&#8221;, &#8220;Materacci&#8221;, &#8220;Nie zaczepiaj mnie&#8221;, &#8220;Ballada studencka&#8221;, &#8220;Polska do boju&#8221;, od lat bawi\u0105 uczestnik\u00f3w imprez tanecznych. Norbi poza dzia\u0142alno\u015bci\u0105 koncertow\u0105, zajmuje si\u0119 prowadzeniem&hellip; <a href=\"https:\/\/tom-artgroup.pl\/?page_id=54\" class=\"read-more\">Continue reading NORBI<\/a><\/p>\n","protected":false},"author":1,"featured_media":0,"parent":0,"menu_order":0,"comment_status":"closed","ping_status":"closed","template":"","meta":{"footnotes":""},"class_list":["post-54","page","type-page","status-publish","hentry"],"_links":{"self":[{"href":"https:\/\/tom-artgroup.pl\/index.php?rest_route=\/wp\/v2\/pages\/54","targetHints":{"allow":["GET"]}}],"collection":[{"href":"https:\/\/tom-artgroup.pl\/index.php?rest_route=\/wp\/v2\/pages"}],"about":[{"href":"https:\/\/tom-artgroup.pl\/index.php?rest_route=\/wp\/v2\/types\/page"}],"author":[{"embeddable":true,"href":"https:\/\/tom-artgroup.pl\/index.php?rest_route=\/wp\/v2\/users\/1"}],"replies":[{"embeddable":true,"href":"https:\/\/tom-artgroup.pl\/index.php?rest_route=%2Fwp%2Fv2%2Fcomments&post=54"}],"version-history":[{"count":8,"href":"https:\/\/tom-artgroup.pl\/index.php?rest_route=\/wp\/v2\/pages\/54\/revisions"}],"predecessor-version":[{"id":400,"href":"https:\/\/tom-artgroup.pl\/index.php?rest_route=\/wp\/v2\/pages\/54\/revisions\/400"}],"wp:attachment":[{"href":"https:\/\/tom-artgroup.pl\/index.php?rest_route=%2Fwp%2Fv2%2Fmedia&parent=54"}],"curies":[{"name":"wp","href":"https:\/\/api.w.org\/{rel}","templated":true}]}}