{"id":56,"date":"2022-09-22T18:34:20","date_gmt":"2022-09-22T16:34:20","guid":{"rendered":"http:\/\/tom-artgroup.pl\/?page_id=56"},"modified":"2024-03-04T17:44:37","modified_gmt":"2024-03-04T16:44:37","slug":"wind-orchestra","status":"publish","type":"page","link":"https:\/\/tom-artgroup.pl\/?page_id=56","title":{"rendered":"Wind Cameral Orchestra"},"content":{"rendered":"\n<p>Wind Cameral Orchestra &#8211; zesp\u00f3\u0142 sk\u0142adaj\u0105cy si\u0119 z zawodowych muzyk\u00f3w wywodz\u0105cych si\u0119 z pozna\u0144skich \u015brodowisk artystycznych takich jak Akademia Muzyczna czy Orkiestra Reprezentacyjna Si\u0142 Powietrznych.&nbsp;<\/p>\n\n\n\n<p>Orkiestra posiada w swoim repertuarze utwory niemal z ka\u017cdego gatunku muzycznego: muzyki klasycznej (zesp\u00f3\u0142 koncertowa\u0142 podczas letnich koncert\u00f3w muzyki organowej i kameralnej), muzyki operowej i operetkowej, w kapitalnych aran\u017cacjach oraz interpretacjach uznanych artyst\u00f3w, muzyki ilustracyjnej, filmowej, przekazuj\u0105c tym samym spor\u0105 doz\u0119 warto\u015bciowych tre\u015bci pozamuzycznych. Siln\u0105 stron\u0105 orkiestry jest show &#8211; parada (mo\u017cliwo\u015b\u0107 koncertowania w ruchu                  w przestrzeni pozascenicznej) oraz dynamiczna interpretacja muzyki rozrywkowej.<\/p>\n\n\n\n<figure class=\"wp-block-gallery has-nested-images columns-default is-cropped wp-block-gallery-1 is-layout-flex wp-block-gallery-is-layout-flex\">\n<figure class=\"wp-block-image size-large\"><img loading=\"lazy\" decoding=\"async\" width=\"1536\" height=\"2048\" data-id=\"170\" src=\"http:\/\/tom-artgroup.pl\/wp-content\/uploads\/2022\/10\/wco_logo-orchestra.jpg\" alt=\"\" class=\"wp-image-170\" srcset=\"https:\/\/tom-artgroup.pl\/wp-content\/uploads\/2022\/10\/wco_logo-orchestra.jpg 1536w, https:\/\/tom-artgroup.pl\/wp-content\/uploads\/2022\/10\/wco_logo-orchestra-600x800.jpg 600w, https:\/\/tom-artgroup.pl\/wp-content\/uploads\/2022\/10\/wco_logo-orchestra-225x300.jpg 225w, https:\/\/tom-artgroup.pl\/wp-content\/uploads\/2022\/10\/wco_logo-orchestra-768x1024.jpg 768w, https:\/\/tom-artgroup.pl\/wp-content\/uploads\/2022\/10\/wco_logo-orchestra-1152x1536.jpg 1152w\" sizes=\"auto, (max-width: 1536px) 100vw, 1536px\" \/><\/figure>\n\n\n\n<figure class=\"wp-block-image size-large\"><img loading=\"lazy\" decoding=\"async\" width=\"2048\" height=\"1365\" data-id=\"171\" src=\"http:\/\/tom-artgroup.pl\/wp-content\/uploads\/2022\/10\/wco1.jpg\" alt=\"\" class=\"wp-image-171\" srcset=\"https:\/\/tom-artgroup.pl\/wp-content\/uploads\/2022\/10\/wco1.jpg 2048w, https:\/\/tom-artgroup.pl\/wp-content\/uploads\/2022\/10\/wco1-600x400.jpg 600w, https:\/\/tom-artgroup.pl\/wp-content\/uploads\/2022\/10\/wco1-300x200.jpg 300w, https:\/\/tom-artgroup.pl\/wp-content\/uploads\/2022\/10\/wco1-1024x683.jpg 1024w, https:\/\/tom-artgroup.pl\/wp-content\/uploads\/2022\/10\/wco1-768x512.jpg 768w, https:\/\/tom-artgroup.pl\/wp-content\/uploads\/2022\/10\/wco1-1536x1024.jpg 1536w, https:\/\/tom-artgroup.pl\/wp-content\/uploads\/2022\/10\/wco1-930x620.jpg 930w\" sizes=\"auto, (max-width: 2048px) 100vw, 2048px\" \/><\/figure>\n\n\n\n<figure class=\"wp-block-image size-large\"><img loading=\"lazy\" decoding=\"async\" width=\"1365\" height=\"2048\" data-id=\"172\" src=\"http:\/\/tom-artgroup.pl\/wp-content\/uploads\/2022\/10\/wco2.jpg\" alt=\"\" class=\"wp-image-172\" srcset=\"https:\/\/tom-artgroup.pl\/wp-content\/uploads\/2022\/10\/wco2.jpg 1365w, https:\/\/tom-artgroup.pl\/wp-content\/uploads\/2022\/10\/wco2-600x900.jpg 600w, https:\/\/tom-artgroup.pl\/wp-content\/uploads\/2022\/10\/wco2-200x300.jpg 200w, https:\/\/tom-artgroup.pl\/wp-content\/uploads\/2022\/10\/wco2-683x1024.jpg 683w, https:\/\/tom-artgroup.pl\/wp-content\/uploads\/2022\/10\/wco2-768x1152.jpg 768w, https:\/\/tom-artgroup.pl\/wp-content\/uploads\/2022\/10\/wco2-1024x1536.jpg 1024w\" sizes=\"auto, (max-width: 1365px) 100vw, 1365px\" \/><\/figure>\n\n\n\n<figure class=\"wp-block-image size-large\"><img loading=\"lazy\" decoding=\"async\" width=\"1365\" height=\"2048\" data-id=\"173\" src=\"http:\/\/tom-artgroup.pl\/wp-content\/uploads\/2022\/10\/wco3.jpg\" alt=\"\" class=\"wp-image-173\" srcset=\"https:\/\/tom-artgroup.pl\/wp-content\/uploads\/2022\/10\/wco3.jpg 1365w, https:\/\/tom-artgroup.pl\/wp-content\/uploads\/2022\/10\/wco3-600x900.jpg 600w, https:\/\/tom-artgroup.pl\/wp-content\/uploads\/2022\/10\/wco3-200x300.jpg 200w, https:\/\/tom-artgroup.pl\/wp-content\/uploads\/2022\/10\/wco3-683x1024.jpg 683w, https:\/\/tom-artgroup.pl\/wp-content\/uploads\/2022\/10\/wco3-768x1152.jpg 768w, https:\/\/tom-artgroup.pl\/wp-content\/uploads\/2022\/10\/wco3-1024x1536.jpg 1024w\" sizes=\"auto, (max-width: 1365px) 100vw, 1365px\" \/><\/figure>\n\n\n\n<figure class=\"wp-block-image size-large\"><img loading=\"lazy\" decoding=\"async\" width=\"2048\" height=\"1365\" data-id=\"174\" src=\"http:\/\/tom-artgroup.pl\/wp-content\/uploads\/2022\/10\/wco4.jpg\" alt=\"\" class=\"wp-image-174\" srcset=\"https:\/\/tom-artgroup.pl\/wp-content\/uploads\/2022\/10\/wco4.jpg 2048w, https:\/\/tom-artgroup.pl\/wp-content\/uploads\/2022\/10\/wco4-600x400.jpg 600w, https:\/\/tom-artgroup.pl\/wp-content\/uploads\/2022\/10\/wco4-300x200.jpg 300w, https:\/\/tom-artgroup.pl\/wp-content\/uploads\/2022\/10\/wco4-1024x683.jpg 1024w, https:\/\/tom-artgroup.pl\/wp-content\/uploads\/2022\/10\/wco4-768x512.jpg 768w, https:\/\/tom-artgroup.pl\/wp-content\/uploads\/2022\/10\/wco4-1536x1024.jpg 1536w, https:\/\/tom-artgroup.pl\/wp-content\/uploads\/2022\/10\/wco4-930x620.jpg 930w\" sizes=\"auto, (max-width: 2048px) 100vw, 2048px\" \/><\/figure>\n\n\n\n<figure class=\"wp-block-image size-large\"><img loading=\"lazy\" decoding=\"async\" width=\"2048\" height=\"1365\" data-id=\"175\" src=\"http:\/\/tom-artgroup.pl\/wp-content\/uploads\/2022\/10\/wco5.jpg\" alt=\"\" class=\"wp-image-175\" srcset=\"https:\/\/tom-artgroup.pl\/wp-content\/uploads\/2022\/10\/wco5.jpg 2048w, https:\/\/tom-artgroup.pl\/wp-content\/uploads\/2022\/10\/wco5-600x400.jpg 600w, https:\/\/tom-artgroup.pl\/wp-content\/uploads\/2022\/10\/wco5-300x200.jpg 300w, https:\/\/tom-artgroup.pl\/wp-content\/uploads\/2022\/10\/wco5-1024x683.jpg 1024w, https:\/\/tom-artgroup.pl\/wp-content\/uploads\/2022\/10\/wco5-768x512.jpg 768w, https:\/\/tom-artgroup.pl\/wp-content\/uploads\/2022\/10\/wco5-1536x1024.jpg 1536w, https:\/\/tom-artgroup.pl\/wp-content\/uploads\/2022\/10\/wco5-930x620.jpg 930w\" sizes=\"auto, (max-width: 2048px) 100vw, 2048px\" \/><\/figure>\n<\/figure>\n\n\n\n<p><\/p>\n\n\n\n<p><a href=\"https:\/\/www.facebook.com\/profile.php?id=100047660651644\" data-type=\"URL\" data-id=\"https:\/\/www.facebook.com\/profile.php?id=100047660651644\" target=\"_blank\" rel=\"noreferrer noopener\">Foto: Adam Michta Photography <\/a><\/p>\n\n\n\n<h2 class=\"wp-block-heading\">Programy Orkiestry:<\/h2>\n\n\n\n<p><strong>&#8220;My way&#8221; <\/strong>&#8211; utwory polskich gigant\u00f3w muzyki rozrywkowej &#8211; Zbigniewa Wodeckiego, Krzysztofa Krawczyka oraz Witolda Paszta.<\/p>\n\n\n\n<p><strong>&#8220;Dona nobis Pacem&#8221;<\/strong> &#8211; od baroku do romantyzmu, wykonywane podczas letnich festiwali i koncert\u00f3w organowych i kameralnych.<\/p>\n\n\n\n<p><strong>&#8220;Ksi\u0119\u017cniczka Czardasza &#8211; Concert&#8221;<\/strong> &#8211; koncertowa wersja operetki z udzia\u0142em solist\u00f3w.&nbsp;<\/p>\n\n\n\n<p><strong>&#8220;Miss Saygon &#8211; Concert&#8221;<\/strong> &#8211;&nbsp;koncertowa wersja musicalu z udzia\u0142em solist\u00f3w.&nbsp;<\/p>\n\n\n\n<p><strong>&#8220;Bajki pokole\u0144&#8221;<\/strong> &#8211; muzyka z film\u00f3w dla dzieci.<\/p>\n\n\n\n<p><strong>&#8220;Zimmer Concert Band&#8221;<\/strong> &#8211; muzyka filmowa Hansa Zimmera.<\/p>\n\n\n\n<p><strong>&#8220;Moment for Morricone&#8221;<\/strong> &#8211; muzyka koncertowa z film\u00f3w Ennio Morricone.<\/p>\n\n\n\n<p><strong>&#8220;Quinn Concert Band&#8221;<\/strong> &#8211; wokalno &#8211; instrumentalna aran\u017cacja utwor\u00f3w zespo\u0142u Quinn.<\/p>\n\n\n\n<p><strong>&#8220;Michael Jackson Wind Band&#8221; <\/strong>&#8211;&nbsp;wokalno &#8211; instrumentalna aran\u017cacja utwor\u00f3w Michaela Jacksona.<\/p>\n\n\n\n<p><\/p>\n\n\n\n<figure class=\"wp-block-gallery has-nested-images columns-default is-cropped wp-block-gallery-2 is-layout-flex wp-block-gallery-is-layout-flex\"><\/figure>\n","protected":false},"excerpt":{"rendered":"<p>Wind Cameral Orchestra &#8211; zesp\u00f3\u0142 sk\u0142adaj\u0105cy si\u0119 z zawodowych muzyk\u00f3w wywodz\u0105cych si\u0119 z pozna\u0144skich \u015brodowisk artystycznych takich jak Akademia Muzyczna czy Orkiestra Reprezentacyjna Si\u0142 Powietrznych.&nbsp; Orkiestra posiada w swoim repertuarze utwory niemal z ka\u017cdego gatunku muzycznego: muzyki klasycznej (zesp\u00f3\u0142 koncertowa\u0142 podczas letnich koncert\u00f3w muzyki organowej i kameralnej), muzyki operowej i operetkowej, w kapitalnych aran\u017cacjach oraz&hellip; <a href=\"https:\/\/tom-artgroup.pl\/?page_id=56\" class=\"read-more\">Continue reading Wind Cameral Orchestra<\/a><\/p>\n","protected":false},"author":1,"featured_media":0,"parent":0,"menu_order":0,"comment_status":"closed","ping_status":"closed","template":"","meta":{"footnotes":""},"class_list":["post-56","page","type-page","status-publish","hentry"],"_links":{"self":[{"href":"https:\/\/tom-artgroup.pl\/index.php?rest_route=\/wp\/v2\/pages\/56","targetHints":{"allow":["GET"]}}],"collection":[{"href":"https:\/\/tom-artgroup.pl\/index.php?rest_route=\/wp\/v2\/pages"}],"about":[{"href":"https:\/\/tom-artgroup.pl\/index.php?rest_route=\/wp\/v2\/types\/page"}],"author":[{"embeddable":true,"href":"https:\/\/tom-artgroup.pl\/index.php?rest_route=\/wp\/v2\/users\/1"}],"replies":[{"embeddable":true,"href":"https:\/\/tom-artgroup.pl\/index.php?rest_route=%2Fwp%2Fv2%2Fcomments&post=56"}],"version-history":[{"count":16,"href":"https:\/\/tom-artgroup.pl\/index.php?rest_route=\/wp\/v2\/pages\/56\/revisions"}],"predecessor-version":[{"id":351,"href":"https:\/\/tom-artgroup.pl\/index.php?rest_route=\/wp\/v2\/pages\/56\/revisions\/351"}],"wp:attachment":[{"href":"https:\/\/tom-artgroup.pl\/index.php?rest_route=%2Fwp%2Fv2%2Fmedia&parent=56"}],"curies":[{"name":"wp","href":"https:\/\/api.w.org\/{rel}","templated":true}]}}